 -a*n + 180 - 24. What is the units digit of n?
9
Let b(m) = 19*m**3 + 13*m**2 + 442*m - 5951. What is the tens digit of b(13)?
3
Let t(n) = n - 7. Let k be 9 - (12/(-20) - 3/(-5)). Let m be t(k). Suppose 4*f + 3*d = 283, -m*f = -5*f - d + 206. What is the units digit of f?
7
Let r(s) = -s**2 + 23*s + 6. Suppose 4*u - 3*g = 80, -g + 4 = -2*g. Suppose 0 = 2*c - u - 17. What is the hundreds digit of r(c)?
1
Let i(w) = -w - 12. Let s be i(-14). Suppose -m - 5*z = -5*m + 32, -14 = s*m + 5*z. What is the units digit of m - (3 + (3 - 25))?
2
What is the hundreds digit of (-6)/(-3) + 2 + 7/((-28)/(-22784))?
7
What is the thousands digit of (-8)/14 - (-16 + (-1968200)/140)?
4
Suppose -10 = 2*h - 7*h - 5*t, 0 = -3*t + 3. Let p be -54 + h*2/2. Let q = 102 + p. What is the units digit of q?
9
Suppose 2*x + 5*k = 3293, 0 = -5*k + 2*k - 15. Suppose 5*a = -3*m - m + x, -3*m + 5*a = -1253. What is the hundreds digit of m?
4
Suppose -2*o + 106 = 3*j, 5*o + j - 60 = 192. Let n = 58 - o. What is the units digit of 57/(-76) + 1126/n?
0
What is the units digit of 1/(-3) + (-3957079)/(-579)?
4
Suppose 0 = -10*p - 2960 + 76510. What is the tens digit of p?
5
Suppose 3*n - 9*n + 852 = 0. Let l = n + -140. Suppose -l*v + 5*p = -3*v + 236, -1276 = -5*v - p. What is the units digit of v?
6
Let j be (-2)/(-3)*(5 + 2 + -1). Let i be 2 - 1*(-1 + 0). Suppose o + i*o + 35 = 5*y, j*y = 5*o + 28. What is the units digit of y?
7
What is the units digit of (35718/(-22))/(-3) - 66/363?
1
Let t(q) be the second derivative of q**6/180 - q**5/60 - 3*q**3/2 + q. Let s(n) be the second derivative of t(n). What is the units digit of s(9)?
4
Suppose -2*n - 32550 = -3*w, -46123 = -4*w + 3*n - 2725. What is the thousands digit of w?
0
Let r(c) be the second derivative of 13*c**4/12 - c**3/6 - 7*c**2 - 5*c. Let p(y) be the first derivative of r(y). What is the units digit of p(1)?
5
Let o(y) = y**3 - 26*y**2 + 3*y + 1459. What is the hundreds digit of o(0)?
4
Let g(s) = 8*s**2 + 2*s - 3*s + 0*s - 12*s**2 + 2. Let k be g(1). What is the units digit of (-2)/(6/(-21)) + k?
4
Let j be 3 - 8 - -12 - 4. Suppose -5*k + j*n = -2981, -4*k + 2965 = k + 5*n. What is the hundreds digit of k?
5
Let y be 67/134*(-2 - 3134/(-1)). Let d = y + -788. What is the units digit of d?
8
Let i = 56 - 116. Let q be 50/i + -1 + 5/6. What is the units digit of 4/q + 159 - 3?
2
Let m = 21501 + -14363. What is the units digit of m?
8
Let s be (33/(-2))/((-39)/1456). Suppose -6*k + s = 16*k. What is the units digit of k?
8
Suppose 8*f + 68 = 6*f. What is the hundreds digit of 8/68 + (-24680)/f?
7
Suppose 0 = -234*w + 3832536 + 456216. What is the tens digit of w?
2
Let i = -18131 + 29487. What is the units digit of i?
6
What is the units digit of ((-10)/(-25)*45)/(-2 - 4844/(-2421))?
9
Suppose -2*h - 2*p - 388 = 0, p = 14 - 12. What is the tens digit of 8/((-32)/18)*h/3?
9
Let s = -53 - -55. Suppose 0 = 5*o + s*l - 1560, -2*o + 633 = -6*l + 5*l. What is the units digit of o?
4
Let d be 3/((3/3)/(-252)). Let a = d + 1104. Suppose 817 + a = 5*s. What is the units digit of s?
3
Let l = 35925 + -26245. What is the hundreds digit of l?
6
Suppose 4921 - 1381 = 5*l. Let q = 1079 - l. What is the hundreds digit of q?
3
Let n be (-79 - 0)/(0 + 9/(-18)). Let i = n + -144. What is the units digit of i?
4
Suppose 0 = 51*j + 18*j - 169533. What is the units digit of j?
7
Let b(w) = 5*w + 14. Let v be b(15). Suppose 4*p + 697 - v = 0. Let t = -74 - p. What is the tens digit of t?
7
Let z be (-10 - (1 + -9))/(-1). Suppose -q + 555 = z*x, 3*q + 1 = -8. What is the units digit of x?
9
Let g(j) = 5*j**3 - j**2 - 3*j + 4. Let h be g(4). Let i be (490/(-56))/((-2)/h). Suppose 6*s - i = s. What is the hundreds digit of s?
2
Let t be 0*(-4)/(-12) + (11 - -9). Let b = t - -312. What is the units digit of b?
2
Suppose 0 = -w - 2*t + 12724, 0 = -46*t + 49*t. What is the hundreds digit of w?
7
Let p(c) = 2001*c**2 + 39*c + 99. What is the hundreds digit of p(-3)?
9
Suppose -r + z = -15, 4*z + 12 = 8*z. Suppose c + 111 = r. Let v = c - -241. What is the units digit of v?
8
Suppose 3*w = -4*r + 223, -w + 0*w - 203 = -4*r. Let v(d) = d**2 - 51*d + 65. Let c be v(2). Let h = r + c. What is the units digit of h?
9
Suppose -4*w - 8 = 2*c + 3*c, 5*w - 27 = 3*c. Let u be (0/(-5))/(w - 1). Suppose 15 = i + 5*y, u = 5*i + 3*y - 128 - 13. What is the tens digit of i?
3
Let c be (1 - (1868 - -2)) + (-1)/(-1). Let r = c - -3342. What is the tens digit of r/10 + 24/(-60)?
4
Let d(k) = 3*k**3 + k - 8. Let n(b) = 8*b**3 + b**2 + 2*b - 22. Let u(g) = -11*d(g) + 4*n(g). What is the tens digit of u(-2)?
3
Let k be 6/(-4) + 3 - (-125)/10. Let w be (k - 15)*(-29)/(-2)*-4. Suppose -2*x + 256 = 2*r, -166 = -r + 4*x - w. What is the tens digit of r?
2
Let a(v) = -7826*v - 3041. What is the tens digit of a(-3)?
3
Let b(a) = 2*a**2 + 2*a + 2. Let p be -2 - (-5 + (4 - 4)). Let x be b(p). Let y(d) = -d**3 + 27*d**2 - 26*d + 44. What is the units digit of y(x)?
4
Let v(f) = 134*f**2 - 39*f + 22. What is the units digit of v(-10)?
2
Let j(t) = 88*t**3 + 3*t**2 - 2*t - 1. Let f be j(1). Suppose -5*m - 3*p - 332 = -9*m, 2*p = m - f. Let h = m - 62. What is the units digit of h?
8
Let y = -2034 + 8893. What is the thousands digit of y?
6
Suppose -3*m + 5*m = 4*s + 72, 0 = -m - 2*s + 20. What is the hundreds digit of (80/(-28) - -3) + 5316/m?
1
Let k = -2472 + 4647. Suppose -95 = 16*l - k. What is the tens digit of l?
3
Let k(s) = 10331*s**2 + 72*s - 1. What is the ten thousands digit of k(-1)?
1
Let l = -164 - -167. What is the tens digit of (8/4 - -1) + (87 - l)?
8
Let q = -14 - -14. Let f = -10 - q. Let j = f + 46. What is the units digit of j?
6
Let x = -260 - -458. Suppose -w + 4*a = -60, 4*w - 12 = a + x. Suppose -w*c + 46*c = -708. What is the hundreds digit of c?
1
Suppose -85516 - 378152 = 379*l - 2433710. What is the thousands digit of l?
5
Let m(g) = -3*g + 44. Let d be m(11). Suppose 0 = 3*h + d*h - 3290. What is the hundreds digit of h?
2
Let b(q) = q**2 - 6*q + 4. Let n = 37 - 32. Let a be b(n). What is the units digit of -4*a/(-5)*-170?
6
Suppose -1051*g - 2325260 = -1119*g. What is the hundreds digit of g?
1
Let o(h) = 1431*h + 561. What is the thousands digit of o(3)?
4
Let p = -76 + 76. Suppose p = 4*l + 858 - 3154. What is the hundreds digit of l?
5
Let s = 30517 - 17071. What is the thousands digit of s?
3
Let m(i) = i**3 + 4*i**2 - 7*i. Let v be m(-6). Let b be 45/v*2/3. What is the tens digit of 11 + -4*b/2?
1
Let a(g) = 19*g**2 + 4*g + 37. Suppose -4*z + 16*z + 60 = 0. What is the tens digit of a(z)?
9
Suppose -2*q + 3*u + 31 = 0, 3*q = 6*q + 5*u + 1. What is the hundreds digit of 1*q/(-8)*-699?
6
What is the hundreds digit of 23173864/1568 + 15/4?
7
Suppose -22 = -2*l + 4*b - 4, -4*l = -2*b - 12. What is the units digit of -7 + l - (-552)/2?
0
Let q = 18 - -549. Let p = q - 282. What is the units digit of p?
5
Let m(v) = -2*v + 111. Suppose 7*x - 11*x + 76 = 4*l, -4*l + 97 = -3*x. What is the units digit of m(l)?
7
Let k(x) = x**2 - 24*x + 166. Let w be k(24). Let d = -26 - -62. Let p = w - d. What is the units digit of p?
0
Let n = -93167 + 178497. What is the units digit of n?
0
Let d(t) = -t**3 - 13*t**2 + 19*t - 11. Let c be d(-19). Suppose -132*p = -119*p - c. What is the units digit of p?
8
Let z = -1280 - -805. What is the hundreds digit of ((-348)/(-290))/((-1)/z)?
5
Suppose 0 = -2*q - 2*q - 4. Let m be 2/q + 15/(-5). What is the units digit of 6*(1 + m)/(-24)?
1
Let b = -39527 + 67965. What is the ten thousands digit of b?
2
What is the hundreds digit of (11*3)/(-2*(5 - (-28629)/(-5724)))?
4
Let g be 1/3*-43*234/(-39). Suppose -184 - g = 9*s. What is the tens digit of 1*2 + s + 93?
6
Suppose 0 = 38*k + 173477 - 567803. What is the units digit of k?
7
Let s(f) = 2*f - 9. Let l be s(7). Suppose -69456 + 6834 = 9*d. What is the hundreds digit of (l - d/35) + (-1)/(-5)?
2
Suppose -43*i + 23*i = -57315 + 11615. What is the thousands digit of i?
2
Let l be (-5)/10*(-27 + 1). Suppose -b = -2*v + l, 33 = 4*v - 2*v + 3*b. Suppose 73 = x - 5*n, 3*n = 6 + v. What is the units digit of x?
8
Let w be (80/30)/((-2)/(-15)). Suppose 0*k - w = 5*k, 2*h + 5*k + 68 = 0. What is the units digit of ((-18)/(-4) + -3)*2 - h?
7
Let c(h) = -h**3 - 3*h**2 + 3*h. Le